-342*h + 523. Give q(-2).
1207
Let l(r) = 4*r**2 + 265*r - 4117. Calculate l(13).
4
Let c(n) = -n**3 + 446*n**2 - 37629*n + 23. What is c(113)?
23
Let o(z) = -2*z**3 + 101*z**2 - 754*z - 3442. What is o(40)?
-2
Let u(p) = 197*p**3 + 15*p**2 + 33*p - 5. What is u(-2)?
-1587
Let c(v) = v**2 + 1939*v - 95872. Give c(48).
-496
Let s(d) = 56517*d - 56530. Calculate s(1).
-13
Let b(t) = 2*t**3 + 20*t**2 - 245*t + 40. Determine b(-17).
159
Let o(w) = 61*w**2 + 223*w + 179. Give o(-7).
1607
Let k(j) = -2*j**2 - 459*j + 3025. Determine k(7).
-286
Let n(y) = -25*y**2 - 1459*y + 26718. What is n(-73)?
0
Let u(w) = 140*w + 35724. What is u(-261)?
-816
Let g(y) = -y**3 - 121*y**2 - 3550*y - 547629. What is g(-127)?
-5
Let j(i) = 69*i**3 - 4*i**2 + 41*i + 44. Give j(-1).
-70
Let k(i) = 2*i**3 - 10*i**2 + 41*i - 615. Calculate k(9).
402
Let n(l) = 4*l**2 + 30510*l + 91527. Give n(-3).
33
Let q(p) = 7092*p - 6934. Give q(1).
158
Let s(c) = c**3 + 16*c**2 - 31*c + 312. Determine s(-17).
550
Let d(g) = g**3 + 15*g**2 - 3081*g - 37459. Calculate d(-12).
-55
Let j(n) = 651*n + 18488. Give j(-29).
-391
Let n(f) = -f**3 + 81*f**2 + 98*f + 5752. Calculate n(83).
108
Let h(f) = -f**3 + 12*f**2 + 345*f + 25. Give h(-12).
-659
Let t(o) = 948*o - 9611. Determine t(10).
-131
Let f(o) = 18628*o + 1620615. Calculate f(-87).
-21
Let v(k) = 513*k**2 + 56*k + 61. What is v(-1)?
518
Let p(w) = 1647*w - 37820. Determine p(23).
61
Let x(j) = 400*j + 5968. Give x(-8).
2768
Let h(z) = -z**2 - 3980*z + 433113. Give h(106).
-3
Let p(m) = 7*m**3 + 1222*m**2 + 699*m + 530. Determine p(-174).
8
Let c(f) = 1875794*f - 20633723. What is c(11)?
11
Let o(l) = 1087*l - 179302. Calculate o(165).
53
Let s(w) = -3*w**3 - 7*w**2 - 57*w - 328. Determine s(-8).
1216
Let s(g) = 5194*g + 103790. What is s(-20)?
-90
Let a(h) = -2*h**3 + 14*h**2 + 1965*h - 103. Calculate a(35).
72
Let q(g) = -2*g**3 + 292*g**2 + 3790*g - 19. Calculate q(-12).
5
Let b(o) = -13*o**3 - 1471*o**2 - 684*o - 51777. Determine b(-113).
-23
Let z(h) = 4*h**3 - 833*h**2 + 282*h - 15395. What is z(208)?
-3
Let o(h) = -9*h**3 + 43*h**2 - 30*h + 27. What is o(2)?
67
Let t(v) = 39205*v + 16348477. What is t(-417)?
-8
Let w(o) = -5*o**3 - 656*o**2 - 171*o - 5302. Determine w(-131).
-62
Let t(x) = -5*x**3 - 273*x**2 - 2327*x + 61. Calculate t(-44).
-159
Let w(h) = 4207*h + 176827. What is w(-42)?
133
Let x(t) = 168*t**2 - 568*t - 14. Calculate x(2).
-478
Let t(a) = -949450*a - 2848363. Determine t(-3).
-13
Let y(f) = 19343*f + 444873. Calculate y(-23).
-16
Let q(s) = 630*s**2 + 4434*s + 141. Calculate q(-7).
-27
Let t(h) = -59554*h - 178647. Give t(-3).
15
Let n(p) = 5*p**2 - 3496*p - 6994. Calculate n(-2).
18
Let g(d) = 284*d**2 - 1456*d + 143. Give g(5).
-37
Let o(k) = -5383*k + 500633. Give o(93).
14
Let t(d) = d**3 - 33*d**2 - 215*d + 471. Calculate t(38).
-479
Let r(t) = t**2 + 3800*t + 333894. Give r(-90).
-6
Let y(j) = 8*j**2 - 184*j - 942. Calculate y(-5).
178
Let b(p) = p**3 + 444*p**2 + 5148*p - 15548. Give b(-432).
4
Let m(c) = c**2 + 260*c - 19736. Determine m(61).
-155
Let d(h) = h**3 - 349*h**2 + 9056*h - 21709. Calculate d(321).
119
Let n(s) = -s**3 + s**2 + 10*s + 197. Give n(-5).
297
Let f(s) = s**2 + 700513*s - 6304688. Calculate f(9).
10
Let c(p) = 491*p + 23970. What is c(-49)?
-89
Let c(x) = -x**3 + 33*x**2 + 533*x + 88. Determine c(45).
-227
Let j(c) = -10*c**2 + 1944*c + 1172. Determine j(195).
2
Let r(x) = -10*x**2 - 27*x + 343. Give r(9).
-710
Let l(w) = 23305*w - 46664. What is l(2)?
-54
Let t(m) = -781*m + 13208. Determine t(17).
-69
Let w(v) = 2*v**2 + 520457*v - 2602344. Give w(5).
-9
Let m(f) = -16458*f + 4575366. Give m(278).
42
Let u(h) = 125*h - 19577. Determine u(166).
1173
Let q(t) = t**3 - 8*t**2 - 105*t + 56. Give q(-12).
-1564
Let r(i) = i**3 + i**2 - 1848*i + 12541. What is r(7)?
-3
Let f(o) = 3*o**2 + 24902*o + 1385091. Determine f(-56).
-13
Let q(y) = 3*y**2 + 1163*y - 20633. Give q(17).
5
Let h(x) = -4*x**3 - 74*x**2 - 129*x - 390. Give h(-17).
69
Let d(r) = 18*r**2 - 191*r - 1358. Determine d(-5).
47
Let y(t) = -2*t**2 + 325*t + 43395. Calculate y(-87).
-18
Let w(l) = 42941*l - 558251. Give w(13).
-18
Let n(x) = 132*x**2 + 2194*x + 8791. Give n(-10).
51
Let h(z) = 37353*z - 37204. Give h(1).
149
Let z(h) = 4*h**3 + 38*h**2 - 6*h + 173. Give z(-11).
-487
Let b(k) = 6109*k + 61067. Give b(-10).
-23
Let a(g) = -g**3 - 35*g**2 - 172*g + 2520. Calculate a(-21).
-42
Let b(f) = -2*f**3 + 628*f**2 + 3453*f + 3634. Calculate b(-4).
-2
Let a(x) = -118*x**2 + 1569*x - 3. What is a(0)?
-3
Let o(a) = -a**2 - 1019*a + 6119. What is o(6)?
-31
Let x(u) = u**3 - 27*u**2 + 144*u - 1804. What is x(24)?
-76
Let m(i) = -i**3 + 36*i**2 + 203*i + 137. What is m(41)?
55
Let j(s) = s**3 - 8*s**2 - 55692*s + 556724. Give j(10).
4
Let w(x) = 9*x**2 - 730*x + 5015. Calculate w(7).
346
Let d(r) = -r**3 - 29*r**2 - 3*r + 1580. Determine d(-24).
-1228
Let y(z) = 3*z**2 + 1395*z + 48685. Give y(-38).
7
Let o(j) = -4*j**3 + 608*j**2 - 588*j - 2406. Give o(151).
10
Let d(g) = -4*g**3 + 42*g**2 + 318*g + 1. Determine d(-8).
2193
Let g(d) = 10*d**2 - 1129*d + 23730. Calculate g(85).
15
Let h(m) = 9723*m + 1322326. Calculate h(-136).
-2
Let b(m) = 134*m - 9428. Give b(47).
-3130
Let w(l) = 120*l**3 + 7906*l**2 - 925*l - 8. Give w(-66).
58
Let u(z) = -14*z**3 - 4591*z**2 + 327*z - 365. Give u(-328).
-37
Let k(m) = 2641*m + 1785318. What is k(-676)?
2
Let v(j) = 7032*j + 28428. Determine v(-4).
300
Let q(l) = -34*l**3 - 2477*l**2 + 356*l - 663. Determine q(-73).
-6
Let l(i) = -2728*i**2 + 21798*i + 215. Determine l(8).
7
Let r(a) = -a**3 - 21*a**2 + 183*a - 323. Determine r(5).
-58
Let f(r) = -r**3 - 8*r**2 + 813*r - 3733. What is f(5)?
7
Let y(d) = d**3 + 51*d**2 + 26*d - 383. Determine y(-50).
817
Let x(m) = -10454*m**2 + 574979*m - 493. What is x(55)?
2
Let n(w) = 297*w**2 - 29*w + 61. Determine n(2).
1191
Let y(u) = -u**3 - 17*u**2 - 120*u - 2247. Give y(-17).
-207
Let w(l) = 17253*l**2 + 120720*l - 1. Give w(-7).
356
Let c(f) = 18*f**2 - 47*f + 265. Calculate c(10).
1595
Let v(y) = y**2 + 138*y + 56. Determine v(-154).
2520
Let m(o) = -o**3 - 32*o**2 + 1336*o - 155. What is m(-56)?
293
Let h(t) = -18050*t - 5559390. Determine h(-308).
10
Let q(k) = -192*k - 1747. Determine q(-9).
-19
Let c(f) = 1180*f + 1232. What is c(-1)?
52
Let s(z) = z**3 - 99*z**2 + 5*z - 960. What is s(0)?
-960
Let a(u) = 166345*u + 3327128. Calculate a(-20).
228
Let c(q) = -9*q**3 + 543*q**2 - 127*q - 3177. Determine c(60).
3
Let a(j) = 14*j**2 - 175*j + 590. Calculate a(3).
191
Let f(j) = 751*j**2 - 15010*j - 350. What is f(20)?
-150
Let o(r) = -2*r**3 + 36*r**2 - 158*r - 26. What is o(8)?
-10
Let y(m) = 786749*m + 14948235. Give y(-19).
4
Let a(d) = 301*d + 732. Calculate a(-2).
130
Let y(u) = -44*u + 2044. Give y(49).
-112
Let m(a) = -13454*a - 403624. Calculate m(-30).
-4
Let k(r) = 1262*r**3 + 711*r**2 - 3*r - 1. Determine k(-2).
-7247
Let o(l) = -l**2 - 417*l + 15968. Calculate o(36).
-340
Let l(n) = 1627*n**2 - 213135*n - 256. Give l(131).
6
Let b(t) = -47*t**3 + 44*t**2 + 45*t + 19. Determine b(-4).
3551
Let d(r) = r**3 - 9*r**2 - 233*r - 871. What is d(22)?
295
Let w(o) = 2399*o - 223093. What is w(93)?
14
Let t(a) = 2*a**3 + 99*a**2 + 214*a + 18712. Determine t(-51).
-5
Let j(u) = -33*u**2 - 2665*u + 345. Calculate j(-81).
-303
Let n(u) = -20733*u - 373153. Determine n(-18).
41
Let t(q) = -q**3 + 1308*q**2 - 98238*q - 152. Calculate t(80).
8
Let m(l) = 6*l**2 - 5389*l + 5389. Give m(1).
6
Let m(f) = 69*f**3 - 1284*f + 1284. Give m(1).
69
Let w(a) = -8*a**3 - 2089*a**2 - 282*a - 5490. Give w(-261).
-9
Let m(y) = -6*y**2 - 2152*y - 6462. What is m(-3)?
-60
Let x(d) = 3876*d + 11629. What is x(-3)?
1
Let u(x) = -59794*x + 239171. What is u(4)?
-5
Let m(i) = -3*i**2 - 64*i + 1424. What is m(16)?
-368
Let u(m) = 142*m**2 - 290*m + 309. Determine u(1).
161
Let n(t) = -t**3 - 41*t**2 + 636*t - 1. What is n(-53)?
-1
Let q(j) = -j**3 + j**2 + 131*j - 305. Calculate q(11).
-74
Let k(z) = -65*z + 186. What is k(17)?
-919
Let d(x) = -59*x**3 + 11*x**2 + 59*x + 131. What is d(-5)?
7486
Let v(g) = 3*g**2 + 249*g - 93629. Give v(140).
31
Let u(a) = -12*a**2 - 175*a + 6. Determine u(-13).
253
Let b(n) = 97*n - 1174. Calculate b(10).
-204
Let x(t) = 2*